at is the units digit of 70051?
1
What is the tens digit of 96646?
4
What is the ten thousands digit of 18774?
1
What is the units digit of 1873?
3
What is the hundreds digit of 6075?
0
What is the units digit of 2098?
8
What is the ten thousands digit of 37188?
3
What is the units digit of 16113?
3
What is the hundreds digit of 1497?
4
What is the units digit of 29673?
3
What is the tens digit of 7437?
3
What is the units digit of 13?
3
What is the units digit of 1882?
2
What is the units digit of 4125?
5
What is the thousands digit of 7013?
7
What is the tens digit of 171?
7
What is the tens digit of 19483?
8
What is the thousands digit of 12691?
2
What is the thousands digit of 28985?
8
What is the tens digit of 1842?
4
What is the thousands digit of 16311?
6
What is the hundreds digit of 17403?
4
What is the units digit of 871?
1
What is the thousands digit of 51087?
1
What is the units digit of 1982?
2
What is the thousands digit of 1341?
1
What is the units digit of 6105?
5
What is the units digit of 756?
6
What is the tens digit of 9207?
0
What is the tens digit of 13207?
0
What is the units digit of 771?
1
What is the units digit of 2711?
1
What is the units digit of 1175?
5
What is the thousands digit of 40381?
0
What is the tens digit of 4374?
7
What is the ten thousands digit of 33370?
3
What is the ten thousands digit of 28083?
2
What is the tens digit of 3216?
1
What is the tens digit of 1690?
9
What is the units digit of 43507?
7
What is the units digit of 98468?
8
What is the units digit of 1668?
8
What is the tens digit of 19160?
6
What is the units digit of 2210?
0
What is the thousands digit of 10191?
0
What is the thousands digit of 87288?
7
What is the thousands digit of 1861?
1
What is the tens digit of 928?
2
What is the units digit of 63497?
7
What is the units digit of 7523?
3
What is the ten thousands digit of 20597?
2
What is the hundreds digit of 8044?
0
What is the hundreds digit of 16848?
8
What is the hundreds digit of 555?
5
What is the units digit of 1052?
2
What is the hundreds digit of 418?
4
What is the units digit of 182?
2
What is the units digit of 20535?
5
What is the hundreds digit of 265?
2
What is the tens digit of 66061?
6
What is the units digit of 5630?
0
What is the hundreds digit of 25962?
9
What is the hundreds digit of 1552?
5
What is the units digit of 7834?
4
What is the units digit of 48581?
1
What is the tens digit of 1176?
7
What is the tens digit of 3538?
3
What is the units digit of 2095?
5
What is the units digit of 2884?
4
What is the hundreds digit of 754?
7
What is the hundreds digit of 1574?
5
What is the units digit of 1402?
2
What is the tens digit of 81170?
7
What is the tens digit of 55357?
5
What is the units digit of 2672?
2
What is the hundreds digit of 1135?
1
What is the ten thousands digit of 12348?
1
What is the hundreds digit of 125084?
0
What is the tens digit of 776?
7
What is the hundreds digit of 152694?
6
What is the thousands digit of 4312?
4
What is the hundreds digit of 6178?
1
What is the units digit of 124254?
4
What is the ten thousands digit of 27784?
2
What is the thousands digit of 1082?
1
What is the units digit of 51502?
2
What is the tens digit of 20276?
7
What is the hundreds digit of 53556?
5
What is the tens digit of 1140?
4
What is the hundreds digit of 43018?
0
What is the units digit of 1236?
6
What is the units digit of 208?
8
What is the units digit of 7579?
9
What is the hundreds digit of 8610?
6
What is the tens digit of 19794?
9
What is the hundreds digit of 64837?
8
What is the thousands digit of 3841?
3
What is the hundreds digit of 357?
3
What is the units digit of 12794?
4
What is the units digit of 1000?
0
What is the ten thousands digit of 100363?
0
What is the thousands digit of 5760?
5
What is the tens digit of 6347?
4
What is the units digit of 516?
6
What is the units digit of 741?
1
What is the tens digit of 4036?
3
What is the units digit of 3275?
5
What is the thousands digit of 36613?
6
What is the units digit of 31077?
7
What is the tens digit of 101?
0
What is the ten thousands digit of 74589?
7
What is the tens digit of 99930?
3
What is the thousands digit of 2284?
2
What is the ten thousands digit of 133370?
3
What is the units digit of 4847?
7
What is the units digit of 4928?
8
What is the tens digit of 560?
6
What is the tens digit of 39219?
1
What is the units digit of 2537?
7
What is the units digit of 330?
0
What is the thousands digit of 55013?
5
What is the hundreds digit of 5020?
0
What is the hundreds digit of 877?
8
What is the thousands digit of 28518?
8
What is the thousands digit of 3523?
3
What is the thousands digit of 2213?
2
What is the ten thousands digit of 99382?
9
What is the units digit of 15945?
5
What is the thousands digit of 1310?
1
What is the thousands digit of 4892?
4
What is the units digit of 726?
6
What is the units digit of 1323?
3
What is the tens digit of 13401?
0
What is the thousands digit of 33896?
3
What is the thousands digit of 1637?
1
What is the tens digit of 2923?
2
What is the hundreds digit of 1666?
6
What is the units digit of 3857?
7
What is the ten thousands digit of 62505?
6
What is the thousands digit of 19496?
9
What is the thousands digit of 52069?
2
What is the tens digit of 868?
6
What is the tens digit of 3459?
5
What is the hundreds digit of 1356?
3
What is the ten thousands digit of 29562?
2
What is the tens digit of 9029?
2
What is the tens digit of 721?
2
What is the tens digit of 22798?
9
What is the hundreds digit of 8937?
9
What is the thousands digit of 1706?
1
What is the thousands digit of 4076?
4
What is the hundreds digit of 40203?
2
What is the tens digit of 4152?
5
What is the tens digit of 95247?
4
What is the tens digit of 15180?
8
What is the units digit of 80238?
8
What is the hundreds digit of 4839?
8
What is the tens digit of 230?
3
What is the thousands digit of 95766?
5
What is the ten thousands digit of 10750?
1
What is the units digit of 3803?
3
What is the hundreds digit of 32877?
8
What is the units digit of 765?
5
What is the tens digit of 3960?
6
What is the thousands digit of 6639?
6
What is the tens digit of 54958?
5
What is the thousands digit of 25763?
5
What is the units digit of 5019?
9
What is the hundreds digit of 460?
4
What is the hundreds digit of 24750?
7
What is the tens digit of 818?
1
What is the tens digit of 2616?
1
What is the units digit of 1107?
7
What is the thousands digit of 2774?
2
What is the ten thousands digit of 56319?
5
What is the tens digit of 14658?
5
What is the tens digit of 2811?
1
What is the hundreds digit of 4109?
1
What is the thousands digit of 41229?
1
What is the hundreds digit of 38317?
3
What is the units digit of 72799?
9
What is the thousands digit of 1222?
1
What is the hundreds digit of 8405?
4
What is the units digit of 941?
1
What is the hundreds digit of 101?
1
What is the ten thousands digit of 45223?
4
What is the tens digit of 308?
0
What is the thousands digit of 31945?
1
What is the tens digit of 6427?
2
What is the tens digit of 22310?
1
What is the units digit of 7844?
4
What is the thousands digit of 1064?
1
What is the ten thousands digit of 176291?
7
What is the hundreds digit of 41320?
3
What is the thousands digit of 7156?
7
What is the hundreds digit of 2057?
0
What is the units digit of 5316?
6
What is the units digit of 10866?
6
What is the thousands digit of 7119?
7
What is the hundreds digit of 34342?
3
What is the tens digit of 143680?
8
What is the tens digit of 29278?
7
What is the units digit of 1019?
9
What is the ten thousands digit of 26805?
2
What is the ten thousands digit of 41615?
4
What is the units digit of 13096?
6
What is the thousands digit of 23106?
3
What is the hundreds digit of 392?
3
What is the tens digit of 13797?
9
What is the units digit of 13005?
5
What is the units digit of 77970?
0
What is the hundreds digit of 849?
8
What is the tens digit of 34021?
2
What is the units digit of 306?
6
What is the thousands digit of 54623?
4
What is the thousands digit of 2028?
2
What is the hundreds digit of 1052?
0
What is the thousands digit of 9446?
9
What is the tens digit of 1797?
9
What is the units digit of 713?
3
What is the units digit of 4455?
5
What 